 = -154 - 156 + 309 + 2*d. What is k(s)?
5
Suppose 24 = 5*b - 2*b. Suppose -b = 6*g - 4*g. Let j(r) = -r**2 - 2*r + 2. Determine j(g).
-6
Let k(v) = v**2 + 2*v - 1. Let x(d) = -3*d**2 - 4. Let n(f) = 2*k(f) - x(f). Determine n(-2).
14
Let c(v) = v**2 + 5*v + 4. Suppose k - 9 + 12 = 0. Determine c(k).
-2
Let a(d) be the third derivative of -d**4/24 + 2*d**3/3 + d**2. Suppose -2*r + x = -0*r - 5, -x + 20 = 3*r. What is a(r)?
-1
Let v(o) = -2*o + 572 - o - 573. What is v(-3)?
8
Let y(d) = d - 10. Let t = -65 + 472. Suppose 2*k + 89 = t. Let c be k/33 - 6/(-33). Calculate y(c).
-5
Let s = -3 + 8. Suppose -o = -2*o - s. Let v(p) = -p**3 - 5*p**2 + 3*p + 4. Calculate v(o).
-11
Let w(r) be the second derivative of -r**3/3 + 2*r**2 - 14*r. Calculate w(10).
-16
Let a(l) = 0*l**3 - 3 - 2*l**3 - 4*l**2 - 6*l**3 - 2*l + 7*l**3. Give a(-3).
-6
Let y(n) be the first derivative of -n**2/2 + 2*n + 2. What is y(0)?
2
Let j(x) = -x**2 - 9*x + 7. Let h be j(-9). Let z(v) = v**2 - h*v**3 + v + 0*v**3 - 3*v**2. Give z(1).
-8
Suppose -4*j + 5 = -2*w + 1, -6 = 3*w + j. Let v(y) = y**2. Let z(b) = -b**3 + 2*b**2. Let a(k) = -3*v(k) + z(k). Give a(w).
4
Let b(q) = q**3 - 4*q**2 + 3*q + 4. Suppose 0 = z - 6*d + d - 24, 5*z - 2*d = 5. Suppose 2*j - 3*j + 1 = 0. Let h be j*5 - (-2)/z. Give b(h).
4
Let l(s) be the first derivative of -5/2*s**2 + s - 4 + 1/3*s**3. Give l(2).
-5
Let n(a) = -3*a**3 - a**2 - a. Let t be n(-1). Let d(f) be the second derivative of 2*f**2 - f - 1/6*f**t + 0. Give d(5).
-1
Let s be -3 + 1 - (-7 - -5). Suppose -2*g - 3 - 13 = s. Let p = g + 13. Let h(b) = b**3 - 6*b**2 + 2*b + 5. Calculate h(p).
-10
Let g = 17 - 22. Let d(c) = c**2 + c - 6. Determine d(g).
14
Let q(z) be the second derivative of -z**3/6 - 10*z. Calculate q(-4).
4
Suppose 0 = -2*a - 0*a - 2. Let g(y) = 3*y**2 - y - 1. Let w be g(a). Let x(z) = z + 2 + 0*z - 3. Give x(w).
2
Let j = -10 - -12. Let u(f) = 3*f - 3 + 5 + 0*f + f + 3*f**j. Give u(-2).
6
Let m(w) = -2*w**2 + 2*w + 1. Let f = 125 - 126. Determine m(f).
-3
Let a = 2/87 + 56/87. Let o(g) be the second derivative of -1/12*g**4 + g - 3/2*g**2 - a*g**3 + 0. Give o(-3).
0
Let a = 115 + -114. Let c(s) = -11*s. Give c(a).
-11
Let t = 41 - 41. Let g(h) be the second derivative of -1/20*h**5 - 3/2*h**2 + h + 1/12*h**4 + 0 + 1/6*h**3. Calculate g(t).
-3
Let g(w) = -2*w + 2 + 0*w - 25*w**3 + 26*w**3 + w**2. Determine g(2).
10
Let c(m) = 4*m. Let d(x) = -x**3 - 10*x**2 + 12*x - 13. Let t be d(-11). Let n = -21 - t. Determine c(n).
12
Let o(i) = -3*i + 1 - i**2 + i**3 + 3*i**2 + i**2. Let d be (-1 + 2)*(0 - 4). What is o(d)?
-3
Let n(g) = g - 4. Let j(r) = -1. Let l(o) = -2*j(o) + n(o). Let i be ((-16)/12)/(3/(-9)). Calculate l(i).
2
Let n(z) = z**3 + 2*z**2 + 2*z + 1. Suppose -5 = 5*r - 5*p, p + 2 = -5*r + 3*p. Let t(o) = -o**2 - o - 2. Let m be t(r). Calculate n(m).
-3
Suppose -1 = l - 0*f - 4*f, 5*l - 2*f - 13 = 0. Let k(d) be the first derivative of 4*d - 1/3*d**3 + 1/2*d**2 + 5. Calculate k(l).
-2
Suppose 0 = -3*z + 4*v + 26, -z = 2*v - 2 + 10. Let b be 0 + (-5 - (z - 5)). Let f(x) = 2*x**3 + 3*x**2 - 2. What is f(b)?
-6
Let f(a) = -a + 12. Let i = 4 - 8. Let h = 4 + i. Let z = h + 6. Calculate f(z).
6
Let c(k) be the second derivative of -1/2*k**2 + 2*k + 1/6*k**3 + 0. Suppose -2 - 1 = -3*j. Calculate c(j).
0
Let h(z) = 24 + 21 - 55 - z. Determine h(-7).
-3
Let f(g) = -4*g. Suppose 4*n - 17 = -0*r + r, -n = -4. What is f(r)?
4
Let c(y) = -y**3 + y - 4. Let n(x) = x**3 + x**2 - 2*x + 3. Let l(o) = 2*c(o) + 3*n(o). Let h be (-6)/33 + 2/11. Suppose h = r - 0*r + 4. Determine l(r).
1
Let u(j) = j**2 - 9*j + 2. Let b be u(9). Suppose -4 = n - b. Let m(p) be the first derivative of p**2 + 3*p - 1. Determine m(n).
-1
Let o(n) = n - 2. Let f be 3 - (1 - 2)*5. Let g be 12/16 + 18/f. Suppose -g*d + 9 = -0. Calculate o(d).
1
Let f be (4/2)/(-2) - 3. Let v(m) be the first derivative of 1/4*m**4 + 4/3*m**3 + 2 - 4*m + 0*m**2. Determine v(f).
-4
Let z(f) = -10*f - 5. Let i(y) = -3*y - 2. Let s(m) = 8*i(m) - 3*z(m). Let v(p) = p**3 + 13*p**2 + p + 14. Let c be v(-13). Determine s(c).
5
Let v(g) = -44*g**2 + 1 + 85*g**2 - 44*g**2 - g**3 + 2*g. Give v(-2).
-7
Let q(n) = -n**2 + 3*n - 3. Let z(r) = r**2 - 2*r + 2. Suppose -6 = -3*a + 9. Let u(v) = a*z(v) + 4*q(v). What is u(-3)?
1
Let c(i) = i + 10. Let u(q) = q + 9. Let j(f) = -2*c(f) + 3*u(f). Let y(t) = t**2 - 6*t. Let v be y(5). What is j(v)?
2
Let x(c) = 2*c**3 + 2*c**2 - 2*c - 2. Let t(p) = 9*p**3 + 11*p**2 - 11*p - 11. Let i(y) = 2*t(y) - 11*x(y). Suppose 11*r + 12 = 1. Give i(r).
4
Let v(t) = t. Let j(x) = 3*x + 2. Let h(r) = j(r) - 4*v(r). Determine h(6).
-4
Let y(d) = 3*d**3 - 4*d**2 + d - 6. Let z(t) = 2*t**3 - 5*t**2 + t - 5. Let r(k) = 3*y(k) - 4*z(k). Determine r(-8).
10
Let g(i) = -i**3 - 5*i**2 - 2*i + 1. Let y = 64 - 69. What is g(y)?
11
Let f = -4 + -7. Let v(a) = -a**2 - 13*a - 15. Calculate v(f).
7
Let x(n) = -n**2 + 7*n + 2. Let l be x(7). Let z(r) = 5 + l*r - r**2 - 5*r - 2*r. Determine z(-4).
9
Let a(i) = i**3 - i**2 + i + 2. Let v(c) = -2*c**3 + c**2 - 2*c - 5. Let o(n) = -13*a(n) - 6*v(n). Let r(z) = 19*z - 240. Let y be r(13). What is o(y)?
-3
Let u be (-3)/2*(-10)/3. Let t(m) be the third derivative of m**6/120 - m**5/15 - 5*m**4/24 + m**3/2 + m**2. What is t(u)?
3
Let z = -3 + 6. Let o(n) be the third derivative of 0*n - 1/6*n**3 - n**2 - 1/24*n**4 + 1/20*n**5 + 0 - 1/120*n**6. Calculate o(z).
-4
Let f be (1 - 0)*(7 + -1). Let t = f - 4. Let y(a) = -3*a + 6*a - 4 + 4. Determine y(t).
6
Let t(x) = x**2 + 2. Let j be (4 - 3)/((-2)/18). Let l(m) = 6 + 2*m**2 + 0 - 2 - m. Let h(f) = j*t(f) + 4*l(f). What is h(-5)?
-7
Let a = -13 + 7. Let b be (8/a)/(5/(-15)). Let i(g) = g**2 - 3*g + 3. Calculate i(b).
7
Let l(f) = -7*f + 1. Let q(d) = 11*d - 1. Let p(b) = 8*l(b) + 5*q(b). Let o(i) = -i - 3. Let k = -5 + -1. Let h be o(k). Calculate p(h).
0
Suppose 6 = -2*g + 2. Let u(j) = -2*j**2 + 5*j + 5. Let d(q) = q**2 - q - 1. Let m(x) = 3*d(x) + u(x). What is m(g)?
2
Suppose 5 - 20 = -3*f + 5*k, k + 3 = -4*f. Let n be ((-9)/6)/(1/(-2)). Let y(s) = -7 - s + 3 - 4 + s**2 - 3*s**3 + 4*s**n. Give y(f).
-8
Suppose 3*o - 3*b = 21, -4*o + b = -14 + 1. Suppose -5*l + 0*w = -2*w - 150, 102 = 4*l + o*w. Let i be 1*-4*(-7)/l. Let h(q) = 2*q**2. Give h(i).
2
Let o(u) = -4*u**2 + 11. Let n(w) = -3*w**2 - w + 10. Let g(f) = -5*n(f) + 4*o(f). Let t = -12 - -17. Determine g(t).
-6
Let h(p) = -8*p**3 + 1. Suppose u = 5*o - 30, 3*o + 6*u - 2*u = -5. Suppose 7*l + 17 = 4*l + 2*a, -o*a = -3*l - 29. Let y = -2 - l. Give h(y).
-7
Suppose -6*c + c - 10 = 0. Let x be c*((-3)/3 + 0). Let g(u) = -u**3 + 4*u - 3. Determine g(x).
-3
Let z = -7 + 9. Let q(t) = t**2 - t**z + 0 - 3*t**2 - 1. Determine q(1).
-4
Let i(l) be the first derivative of l**5/20 - l**4/24 - l**3 - 2. Let t(n) be the third derivative of i(n). What is t(1)?
5
Let b(g) = g**3 + 9*g**2 + 9*g + 2. Let o be b(-8). Let s(t) be the second derivative of -t**3/6 - 2*t**2 - 2*t. What is s(o)?
2
Let v(d) = 6 - 979*d**2 + d**3 + 973*d**2 + 1. Determine v(6).
7
Let v(w) = -w - 4. Let g(k) = -k**3 - 6*k**2 - 6*k. Let z be g(-5). Suppose -5 = -z*x - 15. Determine v(x).
-2
Let a be (4/10)/(1/5). Let m = -13 + 15. Let u(j) = m*j + 4*j + j**a - 5*j. Calculate u(-3).
6
Let o be 0 + 8 + -3 + 0. Let v(q) = 2*q - 7. Calculate v(o).
3
Let q = -39 - -35. Let v(m) = -m**3 - 4*m**2 - m + 5. What is v(q)?
9
Suppose -5*x + 0 = -4*p - 2, 0 = p + 2*x - 6. Let i be p/(-2) + (-2)/1. Let h(k) = k**2 - 3. Calculate h(i).
6
Suppose 0 = 2*a - 5*a. Suppose 3*r = 3*w + 12, 4 = 2*r + w + 2. Suppose -r*c - 3*f + 18 = 0, 2*f = -c - a*f + 11. Let v(n) = n**3 - 4*n**2 + 4. Calculate v(c).
-5
Let m(q) = -q**2 + q. Let x(w) = w**2 - 3*w + 1. Let c(r) = 2*m(r) + x(r). Give c(2).
-5
Let d(s) = 11*s**3 - 5*s**2 + 4*s + 1. Let o(q) = q**3 - q**2 + q. Let r(a) = d(a) - 4*o(a). What is r(1)?
7
Let d(j) = -j**2 + 1. Let n = -3 - -3. Let u(w) = w**2 + 2*w - 4 + 0*w + n*w. Let z(m) = -2*d(m) - u(m). Give z(2).
2
Let q(h) = 3*h**3 + 2*h + 1. Let i(y) = -y**3 - y**2 - y - 1. Let v(n) = -4*i(n) - q(n). Give v(-4).
-5
Let q(m) = -15*m**2 + m**3 + 25*m**2 + 1 - m - 9*m. What is q(-11)?
-10
Let g(n) = 0 + 4 + 7*n**2 - 8*n**2 + 0. Calculate g(-3).
-5
Let f(m) = -3*m**2 + 6*m + 10. Let d(a) = -2*a